m) = m**3 + 19*m**2 + 14*m - 18. Let f be h(s). What is the highest common divisor of f and k?
18
Let c be (-9 - -1)*(-20)/16. Let a be (-252)/(-10) - (-10)/(-50). Calculate the highest common divisor of a and c.
5
Suppose -2*q - 1548 = -4*l, -264*q + 260*q - 768 = -2*l. Calculate the highest common factor of 873 and l.
97
Suppose 0 = 6*t - 4*t. Suppose t = -5*i - 17 - 18. Let q be (-124)/i + (-4)/(-14). Calculate the highest common factor of 27 and q.
9
Suppose -9*w = -10*w + 3. Let j = -17 - -19. Suppose -j*k + 72 = k. Calculate the greatest common divisor of w and k.
3
Suppose 7*g + 27 = -15. Let j be 351*1*g/(-18). Calculate the greatest common factor of j and 13.
13
Let f be 5*(42 - 4)*12/8. What is the greatest common factor of 19 and f?
19
Let p = 1043 + -44. Calculate the highest common divisor of p and 27.
27
Suppose 4*v - 15 = 5. Suppose -2*t - v*w + 18 = -15, 0 = t - w - 13. What is the greatest common divisor of 154 and t?
14
Suppose -3*i = 2*s + 136 + 44, -4*s = -4*i + 360. Let v be s/(-12)*(-72)/(-15). What is the greatest common divisor of 9 and v?
9
Let h = -1 + 26. Let n be 96 + (16/(-6 - -2))/(-1). What is the highest common divisor of h and n?
25
Suppose 19 = 5*a + 79. Let b(r) = r**3 + 12*r**2 + r + 11. Let d be b(a). Let y be (2/6)/(d/(-3)). What is the greatest common factor of y and 3?
1
Let b = -198 + 200. Let z be (-1 + 1)*(-1)/2. Let w be b/8*z + 14. What is the highest common factor of 56 and w?
14
Suppose o + 4*o = -25, -3*o + 210 = 5*j. Let p be j*((-3)/(-9) - -1). Let g be (3 + 3)*15/6. Calculate the highest common factor of p and g.
15
Suppose -2*u + 12 = 4*u. Suppose u*b + s + s = 14, 3*b - 4*s + 14 = 0. Suppose -1056 = -4*y - b*y. What is the highest common factor of 22 and y?
22
Suppose -4*a + 139 = k, -4*k = -5*a - 0*k + 179. Calculate the highest common divisor of a and 14.
7
Let u(t) = 17*t**2 + 4*t + 4. Let g be u(-1). Calculate the greatest common factor of 255 and g.
17
Suppose -2*q = -q - 2. Suppose -2*v = 5*i - 71, -4*v - 6 - q = 0. Calculate the highest common factor of i and 10.
5
Let m = -14 + 3. Let b(t) = t**3 + 11*t**2 - 8*t - 13. Let k be b(m). Suppose -2*u = -7*u + k. Calculate the greatest common divisor of 15 and u.
15
Let l(r) = r**2 - 27*r + 132. Let c be l(6). Calculate the highest common divisor of 762 and c.
6
Let a(x) = -3*x - 349*x**2 + 350*x**2 - 3*x - 11. Let f be a(9). Calculate the highest common divisor of f and 2.
2
Let v be (-5 - 14)/((-3)/12). What is the greatest common divisor of v and 2204?
76
Suppose -2*g + 1450 = -85*r + 90*r, -4*r = -16. What is the highest common divisor of g and 195?
65
Let m = -2835 - -2880. Let p(w) = -7*w - 1. Let g be p(-4). What is the greatest common factor of m and g?
9
Suppose 4*o = o + 360. Suppose -5*f - 42 = -117. Calculate the highest common factor of f and o.
15
Suppose 2*k = -x - 2, -5*x - 2 = k - 4*x. Let b be (k + -1)*(-24)/4. Let t be 41 - (-2 + 2 - 1). Calculate the highest common divisor of t and b.
6
Let s = -279 + 371. What is the greatest common divisor of s and 4?
4
Suppose 432 = 4*o - o. Suppose -g = g - o. What is the greatest common factor of 8 and g?
8
Let k(r) = -2*r + 38. Let c be k(-11). Suppose -192 - c = -3*z. Calculate the highest common divisor of 42 and z.
42
Let c = -77 - -40. Let n = c + 73. What is the greatest common factor of 18 and n?
18
Let r(s) = -3*s - 8. Let z be (2 - 6)*15/12. Let v be r(z). What is the highest common factor of v and 77?
7
Let b be 10/(-3)*6/5. Let r be (1 - 3 - -1) + 4 + -83. Let j be (-6 - -2) + r/b. What is the highest common factor of j and 2?
2
Let l(g) = -g**2 - 7*g - 2. Let p be l(-5). Suppose -p*r = -1208 - 736. Let m be (-26 + -1)*(1 + -2). What is the highest common divisor of m and r?
27
Let d(j) = 20*j**3 - j + 2. Let x be d(1). Suppose 0 = 2*p - 32 + 4. What is the highest common divisor of x and p?
7
Let g be -1 + 1 - -7 - 3. Suppose 0*q + 4*q = -g*c + 336, -2*c = 5*q - 156. Let n = 22 - 0. Calculate the highest common factor of n and c.
22
Suppose -804 = -4*h - n, 2*h + 603 = 5*h + 5*n. Suppose -h - 171 = -4*w. Let u be (-1)/(-4) + w/12. Calculate the greatest common factor of 16 and u.
8
Suppose 5*p = -4*b + 41, 6*p + 5*b = 2*p + 40. Suppose -p*k + 55 = -65. What is the highest common factor of k and 216?
24
Let v = -11 + 231. Calculate the highest common factor of 88 and v.
44
Let d(x) = 13*x**3 + 3*x**2 - 2*x - 2. Let l be d(2). Let n = 9 + 31. Suppose 3*t = -t + n. What is the greatest common factor of l and t?
10
Let a = 1417 - 1416. What is the highest common divisor of 17 and a?
1
Let l be ((-39)/117)/(1/(-21)). What is the highest common divisor of l and 112?
7
Let o = -13 + 13. Suppose w + 43 = k - 0*k, o = 3*k + w - 109. What is the greatest common factor of k and 95?
19
Suppose -2*h + 85 = 71*v - 74*v, h - 42 = 2*v. What is the highest common divisor of h and 33?
11
Suppose 5*c = 4*h + 876, -c - h + 168 = -3*h. Let q(z) = -z**3 + 5*z**2 + 4. Let a be q(4). What is the highest common factor of a and c?
20
Suppose 3*n = 6*n - 2*j - 14, 5*j = -5. Suppose -11 = -n*x + 1, -58 = -5*z - x. Let m be (4/12)/(1*4/528). What is the highest common divisor of m and z?
11
Let y = -199 + 205. Calculate the greatest common divisor of y and 6.
6
Let f = 4 - -12. Let y(c) = c**2 - 2*c. Let l be y(4). Calculate the highest common divisor of f and l.
8
Suppose q - p + 447 = 6*q, -2*p = -q + 96. Calculate the greatest common divisor of 300 and q.
30
Let l be 4/(2 + -3) + -1. Let r(n) = -5*n - 3 + 12 + 3*n - 6*n. Let a be r(l). Calculate the greatest common divisor of a and 7.
7
Let h = 262 - -637. Calculate the greatest common factor of h and 31.
31
Let v be (216/(-10))/(6/(-75)). Suppose 4*r - 465 = -5*r - 195. Calculate the highest common factor of v and r.
30
Let i(u) = u**2 + 4*u + 51. Let k be i(-9). Calculate the greatest common factor of k and 72.
24
Let o = -12 + 15. Suppose 13 = 2*l - 5*k, -o*l - 2*k + 4*k = -36. What is the highest common divisor of 98 and l?
14
Let g(y) = 3*y + 92. Let q be g(-28). Let x be 957/3*(q + -7). What is the greatest common divisor of x and 29?
29
Let s(n) = -n**3 - 6*n**2 - 4*n + 7. Let u be s(-5). Suppose -2*k = -3*k + t + 129, -3*k - u*t = -392. What is the greatest common factor of 26 and k?
26
Let s be 546/1*(4 + -10 + 7). What is the highest common divisor of 42 and s?
42
Suppose 0 = 3*b - 2*b - 21. Let t = 45 + b. Calculate the greatest common divisor of t and 165.
33
Suppose 10*o - 990 = -35*o. What is the highest common divisor of o and 22?
22
Suppose -16 - 8 = -3*r. Let p be 10/r*(30 - 2). Suppose -36 = -11*o + 140 - 22. What is the highest common divisor of p and o?
7
Suppose -l + 1 = 0, -3*l - 11 = -5*x - 4*l. Suppose -232 = -6*f + x*f. What is the highest common divisor of 145 and f?
29
Let g = 222 + -51. Let u = -108 + g. What is the highest common divisor of u and 7?
7
Let j(s) = 210*s. Let f be j(1). Let o(n) = n**2 + 110*n + 846. Let u be o(-8). What is the highest common factor of f and u?
30
Suppose 2*l - 14 = z, -2*z - 8 = -3*l - 7*z. Let c be (-1)/(-4) + 23/4. Calculate the greatest common divisor of l and c.
6
Suppose s + 0 = 12. Let q(r) = -8*r**2 - 2*r - 1. Let u be q(-1). Let p be (-23)/u - (-2)/35*-5. Calculate the greatest common divisor of s and p.
3
Suppose -1089 + 4218 = 3*p. Suppose 3*m = 5*o - p, 2*m = -o + 5*m + 211. What is the highest common divisor of o and 26?
26
Suppose 4*c - 172 = 2*v, -5*c - v + 221 = -2*v. What is the highest common factor of 81 and c?
9
Suppose -88 = -6*k + 5*k. Calculate the highest common factor of k and 8.
8
Let a = -87 + 77. Let x be ((-40)/(-14))/(a/(-105)). What is the greatest common divisor of 50 and x?
10
Let g be 6 - (1 - -2)*(-16)/24. What is the greatest common factor of 64 and g?
8
Suppose 5*l = 2*o + 549, 2*l + 47*o - 213 = 50*o. What is the highest common divisor of l and 2?
1
Let f(l) = l**3 + 12*l**2 - 17*l + 25. Let m be f(-13). Let x = m + -7. What is the highest common factor of x and 28?
14
Let p be (-14)/21 + 30/(-9) - -12. What is the greatest common divisor of 6 and p?
2
Suppose -l - 10 = -4*m, -3*l = 2*m - 4*m. Suppose -3*x = 6, 5*x = t + m*x - 24. Let p = -143 - -147. What is the greatest common factor of p and t?
4
Suppose 17*i + 220 = 5*m + 22*i, 0 = 4*m - 2*